, what is -4 + 331102?
331043
In base 12, what is -2 + 219a95?
219a93
In base 15, what is 1c9 - 1e6?
-1c
In base 2, what is -10 - -10101100001010?
10101100001000
In base 15, what is 3330 - b?
3324
In base 8, what is -6574 - -6?
-6566
In base 14, what is -b1 + 5?
-aa
In base 7, what is 536 + 36?
605
In base 4, what is -210 - -110233021?
110232211
In base 9, what is -232321 - 4?
-232325
In base 16, what is 33 + -c2?
-8f
In base 7, what is 1061541 + -3?
1061535
In base 4, what is 13012 + -312?
12100
In base 9, what is 2 + -486263?
-486261
In base 8, what is -57 + -16034?
-16113
In base 5, what is 102422 + -1443?
100424
In base 11, what is 3a036 + 7?
3a042
In base 15, what is -6a1a2 - 5?
-6a1a7
In base 8, what is -260531 - -10?
-260521
In base 7, what is -1421 - 3605?
-5326
In base 12, what is -20101a + 0?
-20101a
In base 5, what is -143410 + 20?
-143340
In base 9, what is 17355 - 22?
17333
In base 15, what is -35 + -a04?
-a39
In base 6, what is 11 - -1553?
2004
In base 8, what is -2370 - 34?
-2424
In base 15, what is 5 - 4beab?
-4bea6
In base 9, what is -3 - -365335?
365332
In base 2, what is -10001110110100101 + 101?
-10001110110100000
In base 12, what is 18 - 38a1?
-3885
In base 14, what is -66 + a2?
3a
In base 13, what is -744 + 10a?
-637
In base 15, what is 1255 - -54b?
17a1
In base 3, what is 1 + 22022210010?
22022210011
In base 4, what is 233011000 - -11?
233011011
In base 13, what is 1 - 98935?
-98934
In base 11, what is 2700 + 43?
2743
In base 10, what is -568670 - 5?
-568675
In base 6, what is -243430 + -21?
-243451
In base 4, what is -20010032 - 1002?
-20011100
In base 3, what is 20 + -1201011212?
-1201011122
In base 2, what is 1010110001110011 - -110011?
1010110010100110
In base 3, what is 111010 - 11020002?
-10201222
In base 11, what is 30897 + -5?
30892
In base 14, what is 2c06a - 28?
2c042
In base 7, what is -1 - -12152540?
12152536
In base 8, what is 317301 + -2?
317277
In base 10, what is 9 - -22003?
22012
In base 8, what is 0 - 14306?
-14306
In base 9, what is 78701 - -7?
78708
In base 13, what is 5 + 3008c8?
300900
In base 2, what is 100101001000011 + 100111?
100101001101010
In base 9, what is -2 - -11860?
11857
In base 9, what is -282553 + 4?
-282548
In base 13, what is -2c3c + 25a?
-29b2
In base 3, what is 202201110 + 21?
202201201
In base 16, what is 163 - 4?
15f
In base 6, what is 3422 + 1520?
5342
In base 8, what is -1045171 - 5?
-1045176
In base 2, what is 1110101111101010001 - -101?
1110101111101010110
In base 15, what is -4e + 5a1?
552
In base 15, what is -ada8 + 2?
-ada6
In base 15, what is 792 + 67?
809
In base 15, what is 77b - 1e4?
587
In base 11, what is -1938 + 1069?
-87a
In base 14, what is -1 + -2b10b7?
-2b10b8
In base 16, what is 94 + -3d2?
-33e
In base 10, what is 15459 + 35?
15494
In base 6, what is -121 + -12334?
-12455
In base 10, what is -472565 - 5?
-472570
In base 12, what is 23b8 + -68?
2350
In base 7, what is -30230 - 66?
-30326
In base 11, what is 1308 - 81?
1237
In base 11, what is -2477 + 80?
-23a7
In base 15, what is 2 - -6049c?
6049e
In base 5, what is -22103 - 111?
-22214
In base 2, what is -1011110101001 - -1000010?
-1011101100111
In base 5, what is -2 - 341134?
-341141
In base 10, what is 4 - -7143?
7147
In base 16, what is 2c2fb - 3?
2c2f8
In base 13, what is -4 + -2b065?
-2b069
In base 9, what is -3574 + 27?
-3546
In base 11, what is 2 - 236172?
-236170
In base 10, what is 2 + -13862?
-13860
In base 3, what is 222112120 - -1?
222112121
In base 7, what is 1012555 - -2?
1012560
In base 10, what is -3141 - -497?
-2644
In base 10, what is -62 + -30?
-92
In base 5, what is 400004 - 21?
344433
In base 14, what is -1bb + -156?
-333
In base 14, what is -2b3b - 110?
-2c4b
In base 9, what is -26 - -8862?
8835
In base 12, what is 58a6 - 417?
548b
In base 16, what is 29a9 + -9e?
290b
In base 9, what is -8 - 1330174?
-1330183
In base 11, what is 4 - 3a115?
-3a111
In base 7, what is -4 + 554241?
554234
In base 2, what is 10100100 + 1010101011?
1101001111
In base 7, what is 20042 + 30?
20102
In base 16, what is -14 + 475?
461
In base 2, what is -101110011001000 - -1?
-101110011000111
In base 6, what is -1011 - 1001?
-2012
In base 6, what is -401 - -3?
-354
In base 13, what is 2a - 6b2?
-685
In base 2, what is 101101110 - 101011101?
10001
In base 12, what is -96 + 304a?
2b74
In base 15, what is 17118 + 5?
1711d
In base 5, what is 13314100 + 2?
13314102
In base 3, what is 11 + -12211012200?
-12211012112
In base 3, what is 11111120 - 220?
11110200
In base 7, what is 36266613 + -5?
36266605
In base 12, what is 242b8 - -5?
24301
In base 6, what is 204250 - 0?
204250
In base 15, what is 15 - 787?
-772
In base 7, what is 1535 - -14?
1552
In base 11, what is -95 + 1418?
1333
In base 5, what is 24 - -1132?
1211
In base 10, what is -3 + 682850?
682847
In base 14, what is -b00a - 2?
-b00c
In base 7, what is 23340 + 5?
23345
In base 13, what is a830b + 0?
a830b
In base 13, what is 15878a - -1?
15878b
In base 14, what is -88cc + -33?
-8921
In base 8, what is 4233 + -260?
3753
In base 4, what is 23202332201 - 10?
23202332131
In base 16, what is -13ba + -3?
-13bd
In base 10, what is -2 - 631812?
-631814
In base 12, what is 149bb9 + 1?
149bba
In base 14, what is -b + 1376d?
13762
In base 16, what is -4 - 18a?
-18e
In base 6, what is 232314 - -131?
232445
In base 2, what is 10 - -1001010010011000?
1001010010011010
In base 13, what is 14a + 37?
184
In base 11, what is 4a05 + 74?
4a79
In base 11, what is -2516 + 31?
-2495
In base 14, what is -5 + 2d14?
2d0d
In base 13, what is -20966 + -12?
-20978
In base 11, what is -10 + -57943?
-57953
In base 15, what is 3a57 - 2?
3a55
In base 8, what is -5 - 534471?
-534476
In base 11, what is 420a + 22?
4231
In base 14, what is -d4 + -14a8?
-159c
In base 6, what is -2 + 151150?
151144
In base 15, what is -70 + 566?
4e6
In base 9, what is 23 + 811?
834
In base 11, what is -5 + a569a?
a5695
In base 7, what is -5354103 + -1?
-5354104
In base 7, what is -11536 + 21?
-11515
In base 6, what is 450 - -113313?
114203
In base 10, what is 3 + 742?
745
In base 13, what is -4 - 93c83?
-93c87
In base 5, what is 3334 + 240?
4124
In base 14, what is -48c + -1a0?
-64c
In base 13, what is -2b0a + -4?
-2b11
In base 14, what is -c5 - 128?
-20d
In base 6, what is 12522 + -3020?
5502
In base 14, what is -1c7d + 1c?
-1c61
In base 10, what is -77539 + 5?
-77534
In base 2, what is -11000001001 + 11100?
-10111101101
In base 15, what is 39a - -13?
3ad
In base 15, what is -46 - ce9?
-d40
In base 14, what is -19 + -48ac6?
-48b01
In base 15, what is cdbee - 1?
cdbed
In base 12, what is 22a + -1642?
-1414
In base 7, what is -150265 - -1?
-150264
In base 5, what is -11 + 4304441?
4304430
In base 15, what is 13b2 - -275?
1637
In base 7, what is 414404 + -3?
414401
In base 12, what is -158 + -1a3?
-33b
In base 15, what is 1 - -347ca?
347cb
In base 15, what is d8 + 469?
552
In base 13, what is -154a60 + 3?
-154a5a
In base 2, what is -1011000 - 1101111000010010?
-1101111001101010
In base 10, what is 75 - -2224?
2299
In base 15, what is -5 + 32ed1?
32ecb
In base 13, what is -40a + 593?
186
In base 12, what is 515 - -97?
5b0
In base 7, what is -2 - 145241?
-145243
In base 11, what is 12217 - -28?
12244
In base 9, what is 11 - 112656?
-112645
In base 14, what is 152a + 41?
156b
In base 8, what is -5 - -64004?
63777
In base 12, what is -1 + -86a7?
-86a8
In base 8, what is 1334 + -2276?
-742
In base 11, what is 597549 - -5?
597553
In base 16, what is -6 - -100f8?
100f2
In base 8, what is 760345 + -2?
760343
In base 10, what is 9 + 249197?
249206
In base 3, what is 10 + 1021011110111?
1021011110121
In base 4, what is -232303300 - -1?
-232303233
In base 6, what is 22233 + -2340?
15453
In base 7, what is -3 + -36410?
-36413
In base 6, what is 30430 - -2?
30432
In base 2, what is 1011111010 - -1000?
1100000010
In base 10, what is -5 + 3228?
3223
In base 7, what is 2 + 321511?
321513
In base 13, what is a9 + 58?
134
In base 13, what is 13891 - -1?
13892
In base 8, what is 125 + -15453?
-15326
In base 15, what is -4 - -274a7?
274a3
In base 8, what is 575 + -26?
547
In base 8, what is 214167 + -21?
214146
In base 4, what is -10113 - -13223?
3110
In base 6, what is -34051254 - 4?
-34051302
In base 2, what is 11011100 + -111001?
10